{"id":106,"date":"2023-06-07T14:56:45","date_gmt":"2023-06-07T14:56:45","guid":{"rendered":"http:\/\/193.194.89.193\/wp_lreau\/?page_id=106"},"modified":"2024-04-30T09:07:00","modified_gmt":"2024-04-30T09:07:00","slug":"presentation-du-laboratoire","status":"publish","type":"page","link":"https:\/\/lreau.usthb.dz\/index.php\/presentation-du-laboratoire\/","title":{"rendered":"Pr\u00e9sentation du laboratoire"},"content":{"rendered":"\n<figure class=\"wp-block-image size-full is-resized\"><img loading=\"lazy\" decoding=\"async\" width=\"303\" height=\"194\" src=\"http:\/\/193.194.89.193\/wp_lreau\/wp-content\/uploads\/2023\/06\/Boson-de-higgs-europe1.webp\" alt=\"\" class=\"wp-image-156\" style=\"width:421px;height:270px\" srcset=\"https:\/\/lreau.usthb.dz\/wp-content\/uploads\/2023\/06\/Boson-de-higgs-europe1.webp 303w, https:\/\/lreau.usthb.dz\/wp-content\/uploads\/2023\/06\/Boson-de-higgs-europe1-300x192.webp 300w\" sizes=\"auto, (max-width: 303px) 100vw, 303px\" \/><\/figure>\n\n\n\n<ol class=\"wp-block-list\">\n<li><strong>Pr\u00e9sentation du laboratoire<\/strong><\/li>\n<\/ol>\n\n\n\n<ul class=\"wp-block-list\">\n<li>Intitul\u00e9 du Laboratoire: <strong>Laboratoire de Recherche et \u00c9tudes en Am\u00e9nagement et Urbanisme<\/strong><\/li>\n\n\n\n<li>Acronyme du Labo : <strong>LREAU<\/strong><\/li>\n\n\n\n<li>Date de cr\u00e9ation du Labo: 12 janvier 2013.<\/li>\n<\/ul>\n\n\n\n<p>L\u2019am\u00e9nagement et l\u2019urbanisme, deux domaines d\u2019action vou\u00e9s \u00e0 l\u2019organisation des villes et des territoires, ils constituent aussi des champs de recherche qui abordent en tout ou partie cette action en interrogeant les acteurs, les origines, les motivations, les modalit\u00e9s, les processus sous-jacents, les effets attendus ou inattendus, les rapports de pouvoir, controverses ou luttes qui y sont associ\u00e9s, etc.<\/p>\n\n\n\n<p>\u00c0 ce titre, ils sont doublement en position d\u2019interface&nbsp;: interface par l\u2019objet m\u00eame puisqu\u2019ils se situent \u00e0 la rencontre de la soci\u00e9t\u00e9 et de l\u2019espace, interface des th\u00e9ories et cadres d\u2019analyse qu\u2019il convoque.<\/p>\n\n\n\n<p>D\u00e8s lors que l\u2019espace, ceci nous renvoie \u00e0 parler de l\u2019ensemble vari\u00e9 de sciences qui, entre dans l\u2019\u00e9quation de l\u2019am\u00e9nagement et de l\u2019urbanisme.<\/p>\n\n\n\n<p>Nos ambitions s\u2019inscrivant dans au moins deux registres et d\u00e9passent des approches centr\u00e9es sur les th\u00e9matiques classiques.<\/p>\n\n\n\n<p>Notre laboratoire s\u2019ins\u00e8re parfaitement dans le registre des contenus de la recherche scientifique aussi bien national qu\u2019international, attach\u00e9s aux domaine de l\u2019am\u00e9nagement et l\u2019urbanisme et \u00e0 toutes les th\u00e9matiques en d\u00e9coulant de ces deux champs pluridisciplinaires.<\/p>\n\n\n\n<p>Notre laboratoire contribue efficacement dans le d\u00e9veloppement de la recherche autour de th\u00e9matiques d\u2019actualit\u00e9s en relation avec les objectifs strat\u00e9giques des politiques nationales et sectorielles. Il s\u2019ouvre depuis plusieurs ann\u00e9es sur le secteur socio-\u00e9conomique et sur l\u2019international \u00e0 travers la coop\u00e9ration sous forme de projets de diffusion du savoir, de projet d\u2019\u00e9tude de faisabilit\u00e9 et d\u2019expertise.<\/p>\n\n\n\n<p>Les th\u00e9matiques trait\u00e9es sont relatives aux questions d&#8217;am\u00e9nagement et d\u2019urbanisme et de l\u2019am\u00e9nagement du territoire en g\u00e9n\u00e9ral. Des th\u00e9matiques d\u00e9velopp\u00e9es, \u00e0 la fois dans une perspective tr\u00e8s concr\u00e8te, qui permettent de prendre connaissance des besoins de la recherche en cours, et des diverses attributions suite aux derni\u00e8res d\u00e9clarations du ministre en charge de l&#8217;Am\u00e9nagement du territoire. Aussi, dans un esprit plus acad\u00e9mique, en prenant en charge des th\u00e9matiques centr\u00e9es autour de pr\u00e9occupations d&#8217;actualit\u00e9 forte engageant&nbsp;: une t\u00e2che transversale qui implique de coordonner \u00e0 long terme notamment l\u2019urbanisation, le paysage, les transports et les infrastructures. La pes\u00e9e des int\u00e9r\u00eats est au c\u0153ur de ces processus. Elle permet de trouver une solution optimale \u00e0 un endroit pr\u00e9cis.<\/p>\n\n\n\n<p><strong>2. Les th\u00e9matiques&nbsp;trait\u00e9es par le laboratoire<\/strong><\/p>\n\n\n\n<ul class=\"wp-block-list\">\n<li><strong>L\u2019am\u00e9nagement num\u00e9rique des territoires.<\/strong><\/li>\n\n\n\n<li><strong>Gouvernance et planification urbaine \u00e0 l\u2019\u00e8re du num\u00e9rique territoriale<\/strong>&nbsp;:<\/li>\n<\/ul>\n\n\n\n<p>Analyse et \u00e9laboration des strat\u00e9gies de planification urbaine.&nbsp;<\/p>\n\n\n\n<p>Recherches et \u00e9tudes sur les enjeux constitutifs des territoires et leurs impacts.<\/p>\n\n\n\n<p>Les niveaux d\u2019action pour conduire le changement sur un plan institutionnel (national, r\u00e9gional, local) et sur un plan organisationnel.<\/p>\n\n\n\n<ul class=\"wp-block-list\">\n<li><strong>Les m\u00e9thodes de l\u2019innovation en am\u00e9nagement urbain<\/strong><\/li>\n\n\n\n<li><strong>Cr\u00e9ation d\u2019activit\u00e9s et d\u00e9veloppement urbain<\/strong><\/li>\n\n\n\n<li><strong>L\u2019habitat et le cadre de vie<\/strong><\/li>\n\n\n\n<li><strong>Enjeux de la r\u00e9novation et de la reconstruction des ensembles de logements collectifs<\/strong><\/li>\n\n\n\n<li><strong>La ma\u00eetrise des enjeux de l\u2019urbanisme durable pour construire la ville en transition<\/strong>.<\/li>\n<\/ul>\n\n\n\n<p>R\u00f4le de l\u2019am\u00e9nagement dans les politiques urbaines soutenables.<\/p>\n\n\n\n<p>Concevoir une qualit\u00e9 \u00e9cologique et fonctionnelle des espaces urbains<\/p>\n\n\n\n<p>Transition des territoires vers l\u2019\u00e9conomie d\u2019\u00e9nergie.<\/p>\n\n\n\n<ul class=\"wp-block-list\">\n<li><strong>Le projet urbain et sa mise en place&nbsp;: cycle et rythme de projet et rep\u00e9rage des moments cl\u00e9s.<\/strong><\/li>\n<\/ul>\n\n\n\n<p><strong>Conception, financement et gestion de projet.<\/strong><\/p>\n\n\n\n<ul class=\"wp-block-list\">\n<li><strong>La r\u00e9silience urbaine et enjeux de la pr\u00e9vention des risques majeurs.<\/strong><\/li>\n<\/ul>\n\n\n\n<p>Articulation des visions holistiques autour des dynamiques durables, climatiques, sociales, \u00e9conomiques, urbanistiques et de gouvernance<\/p>\n\n\n\n<p>\u00c9valuation et pr\u00e9vention contre les risques climatiques, s\u00e9curitaires, \u00e9conomiques et soci\u00e9taux.<\/p>\n\n\n\n<ul class=\"wp-block-list\">\n<li><strong>Pr\u00e9servation des ressources naturelles&nbsp;: approches et outils d\u2019aides num\u00e9riques (\u00e9valuation, suivi, et lutte).<\/strong> <\/li>\n<\/ul>\n\n\n\n<p><strong>3. Objectif du laboratoire et ses ambitions<\/strong><\/p>\n\n\n\n<p>L\u2019ambition du laboratoire (LREAU) de devenir plus ouvert sur le monde de la recherche scientifique \u00e0 grande \u00e9chelle, nous a conduit \u00e0 proc\u00e9der \u00e0 des modifications des programmes de formation en master d\u2019am\u00e9nagement et d\u2019urbanisme \u00e0 partir de 2010, pour l&#8217;adapter au nouveau contexte d&#8217;un changement par objectifs.<\/p>\n\n\n\n<p>Un d\u00e9bat de presque continu nous permet d\u2019\u00e9tablir des assises plus solides d\u2019une formation doctorale, garante d\u2019une bonne relation formation\/emploi, dont les principaux attendues consistent \u00e0 :<\/p>\n\n\n\n<p>Renforcer le lien du LREAU avec la formation universitaire afin de pr\u00e9parer l\u2019\u00e9mergence de nouvelles g\u00e9n\u00e9rations comp\u00e9tentes en mesure de prendre en charge des projets de recherche scientifique et de d\u00e9veloppement socio-\u00e9conomique.<\/p>\n\n\n\n<p>Poursuivre l\u2019implication des doctorants dans des projets relevant des programmes nationaux de recherche (PNR) et \u00e9laborer des dispositifs de connaissances permettant de parvenir \u00e0 la ma\u00eetrise d\u2019un savoir et un savoir-faire.<\/p>\n\n\n\n<p>Le laboratoire d\u00e9veloppe des objectifs ambitieux en relation avec son \u00e9volution et le caract\u00e8re de la pluralit\u00e9 des profils de ses chercheurs et la vari\u00e9t\u00e9 des th\u00e9matiques qui constituent une richesse sp\u00e9cifique au domaine de l\u2019am\u00e9nagement, de l\u2019urbanisme et de la climatologie et des risques en milieux urbains associant les outils de l\u2019intelligence num\u00e9rique territoriale.<\/p>\n\n\n\n<p>Faire \u00e9voluer le domaine de l\u2019am\u00e9nagement et de l\u2019urbanisme par la production et la diffusion des connaissances scientifiques.<\/p>\n\n\n\n<p>Mettre le LREAU en relation avec les secteurs socio-\u00e9conomiques dans une optique de prendre en charge des \u00e9tudes d&#8217;aide \u00e0 la d\u00e9cision plus particuli\u00e8rement en termes de missions d\u2019assistance technique et d&#8217;expertise.<\/p>\n\n\n\n<p>Le laboratoire est impliqu\u00e9 \u00e0 travers ses \u00e9quipes dans la formation par la recherche, leur positionnement revendiqu\u00e9 entre une recherche fondamentale, qu\u2019appellent la compr\u00e9hension du ph\u00e9nom\u00e8ne urbain et la prospective des villes, et une recherche appliqu\u00e9e, qu\u2019implique l\u2019urbanisme au quotidien, donnant lieu \u00e0 un dialogue fructueux entre chercheurs, professionnels et d\u00e9cideurs.<\/p>\n\n\n\n<p>Le laboratoire a toujours affich\u00e9 son objectif de rayonnement national et international dans le champ de l\u2019am\u00e9nagement urbain et de l\u2019urbanisme e rayonnement et l\u2019attractivit\u00e9 acad\u00e9miques du laboratoire actuel dont rendent compte l\u2019insertion dans des r\u00e9seaux de recherche nationaux et internationaux.<\/p>\n\n\n\n<p>4. <strong>Historique du laboratoire<\/strong><\/p>\n\n\n\n<p>Le 1er noyau de chercheurs en am\u00e9nagement urbain, a \u00e9t\u00e9 cr\u00e9\u00e9 en 1995, sous forme d\u2019une \u00e9quipe de chercheurs universitaires compos\u00e9e de 4 enseignants chercheurs et 5 \u00e9tudiants en premi\u00e8re ann\u00e9e de magister.<\/p>\n\n\n\n<p>Cette \u00e9quipe a \u00e9t\u00e9 rattach\u00e9e au laboratoire de g\u00e9ographie et am\u00e9nagement du territoire cr\u00e9e en 2000, dirig\u00e9 par Ali HADJIEDJ du 1<sup>er<\/sup>janvier 2000 au 31 d\u00e9cembre 2010. En \u00e9gard au domaine de leurs int\u00e9r\u00eats, les \u00e9l\u00e9ments de l\u2019\u00e9quipe ont \u00e9volu\u00e9 vers un nouveau laboratoire de recherche en am\u00e9nagement et urbanisme (LREAU).<\/p>\n\n\n\n<p>Quatre \u00e9quipes ont pris la forme juridique du LREAU agr\u00e9\u00e9 en janvier 2013. Ce dernier compte aujourd\u2019hui un effectif global de 54 chercheurs dont 17 enseignants-chercheurs de rang magistral, 9 docteurs et le reste enseignants-chercheurs en formation doctorale (ma\u00eetres assistants) et 33 \u00e9tudiants en doctorat.<\/p>\n\n\n\n<p>Le contenu de son programme de recherche a \u00e9t\u00e9 con\u00e7u par rapport \u00e0 une strat\u00e9gie contextuelle qui nous a permis de s&#8217;orienter vers une recherche innovante et une formation doctorale ma\u00eetrisant \u00e0 la fois le savoir et le savoir-faire, renforc\u00e9e par des relations avec le monde de la recherche et d\u2019entreprises, selon le mode de partenariat.<\/p>\n","protected":false},"excerpt":{"rendered":"<p>L\u2019am\u00e9nagement et l\u2019urbanisme, deux domaines d\u2019action vou\u00e9s \u00e0 l\u2019organisation des villes et des territoires, ils constituent aussi des champs de recherche qui abordent en tout ou partie cette action en interrogeant les acteurs, les origines, les motivations, les modalit\u00e9s, les <span class=\"readmore\"><a href=\"https:\/\/lreau.usthb.dz\/index.php\/presentation-du-laboratoire\/\">Continue Reading<\/a><\/span><\/p>\n","protected":false},"author":1,"featured_media":0,"parent":0,"menu_order":0,"comment_status":"closed","ping_status":"closed","template":"","meta":{"two_page_speed":[],"footnotes":""},"class_list":["post-106","page","type-page","status-publish","hentry"],"_links":{"self":[{"href":"https:\/\/lreau.usthb.dz\/index.php\/wp-json\/wp\/v2\/pages\/106","targetHints":{"allow":["GET"]}}],"collection":[{"href":"https:\/\/lreau.usthb.dz\/index.php\/wp-json\/wp\/v2\/pages"}],"about":[{"href":"https:\/\/lreau.usthb.dz\/index.php\/wp-json\/wp\/v2\/types\/page"}],"author":[{"embeddable":true,"href":"https:\/\/lreau.usthb.dz\/index.php\/wp-json\/wp\/v2\/users\/1"}],"replies":[{"embeddable":true,"href":"https:\/\/lreau.usthb.dz\/index.php\/wp-json\/wp\/v2\/comments?post=106"}],"version-history":[{"count":26,"href":"https:\/\/lreau.usthb.dz\/index.php\/wp-json\/wp\/v2\/pages\/106\/revisions"}],"predecessor-version":[{"id":491,"href":"https:\/\/lreau.usthb.dz\/index.php\/wp-json\/wp\/v2\/pages\/106\/revisions\/491"}],"wp:attachment":[{"href":"https:\/\/lreau.usthb.dz\/index.php\/wp-json\/wp\/v2\/media?parent=106"}],"curies":[{"name":"wp","href":"https:\/\/api.w.org\/{rel}","templated":true}]}}

Présentation du laboratoire

<figure class="wp-block-image size-full is-resized"><img loading="lazy" decoding="async" width="303" height="194" src="http://193.194.89.193/wp_lreau/wp-content/uploads/2023/06/Boson-de-higgs-europe1.webp" alt="" class="wp-image-156" style="width:421px;height:270px" srcset="https://lreau.usthb.dz/wp-content/uploads/2023/06/Boson-de-higgs-europe1.webp 303w, https://lreau.usthb.dz/wp-content/uploads/2023/06/Boson-de-higgs-europe1-300x192.webp 300w" sizes="auto, (max-width: 303px) 100vw, 303px" /></figure>



<ol class="wp-block-list">
<li><strong>Présentation du laboratoire</strong></li>
</ol>



<ul class="wp-block-list">
<li>Intitulé du Laboratoire: <strong>Laboratoire de Recherche et Études en Aménagement et Urbanisme</strong></li>



<li>Acronyme du Labo : <strong>LREAU</strong></li>



<li>Date de création du Labo: 12 janvier 2013.</li>
</ul>



<p>L’aménagement et l’urbanisme, deux domaines d’action voués à l’organisation des villes et des territoires, ils constituent aussi des champs de recherche qui abordent en tout ou partie cette action en interrogeant les acteurs, les origines, les motivations, les modalités, les processus sous-jacents, les effets attendus ou inattendus, les rapports de pouvoir, controverses ou luttes qui y sont associés, etc.</p>



<p>À ce titre, ils sont doublement en position d’interface&nbsp;: interface par l’objet même puisqu’ils se situent à la rencontre de la société et de l’espace, interface des théories et cadres d’analyse qu’il convoque.</p>



<p>Dès lors que l’espace, ceci nous renvoie à parler de l’ensemble varié de sciences qui, entre dans l’équation de l’aménagement et de l’urbanisme.</p>



<p>Nos ambitions s’inscrivant dans au moins deux registres et dépassent des approches centrées sur les thématiques classiques.</p>



<p>Notre laboratoire s’insère parfaitement dans le registre des contenus de la recherche scientifique aussi bien national qu’international, attachés aux domaine de l’aménagement et l’urbanisme et à toutes les thématiques en découlant de ces deux champs pluridisciplinaires.</p>



<p>Notre laboratoire contribue efficacement dans le développement de la recherche autour de thématiques d’actualités en relation avec les objectifs stratégiques des politiques nationales et sectorielles. Il s’ouvre depuis plusieurs années sur le secteur socio-économique et sur l’international à travers la coopération sous forme de projets de diffusion du savoir, de projet d’étude de faisabilité et d’expertise.</p>



<p>Les thématiques traitées sont relatives aux questions d&#8217;aménagement et d’urbanisme et de l’aménagement du territoire en général. Des thématiques développées, à la fois dans une perspective très concrète, qui permettent de prendre connaissance des besoins de la recherche en cours, et des diverses attributions suite aux dernières déclarations du ministre en charge de l&#8217;Aménagement du territoire. Aussi, dans un esprit plus académique, en prenant en charge des thématiques centrées autour de préoccupations d&#8217;actualité forte engageant&nbsp;: une tâche transversale qui implique de coordonner à long terme notamment l’urbanisation, le paysage, les transports et les infrastructures. La pesée des intérêts est au cœur de ces processus. Elle permet de trouver une solution optimale à un endroit précis.</p>



<p><strong>2. Les thématiques&nbsp;traitées par le laboratoire</strong></p>



<ul class="wp-block-list">
<li><strong>L’aménagement numérique des territoires.</strong></li>



<li><strong>Gouvernance et planification urbaine à l’ère du numérique territoriale</strong>&nbsp;:</li>
</ul>



<p>Analyse et élaboration des stratégies de planification urbaine.&nbsp;</p>



<p>Recherches et études sur les enjeux constitutifs des territoires et leurs impacts.</p>



<p>Les niveaux d’action pour conduire le changement sur un plan institutionnel (national, régional, local) et sur un plan organisationnel.</p>



<ul class="wp-block-list">
<li><strong>Les méthodes de l’innovation en aménagement urbain</strong></li>



<li><strong>Création d’activités et développement urbain</strong></li>



<li><strong>L’habitat et le cadre de vie</strong></li>



<li><strong>Enjeux de la rénovation et de la reconstruction des ensembles de logements collectifs</strong></li>



<li><strong>La maîtrise des enjeux de l’urbanisme durable pour construire la ville en transition</strong>.</li>
</ul>



<p>Rôle de l’aménagement dans les politiques urbaines soutenables.</p>



<p>Concevoir une qualité écologique et fonctionnelle des espaces urbains</p>



<p>Transition des territoires vers l’économie d’énergie.</p>



<ul class="wp-block-list">
<li><strong>Le projet urbain et sa mise en place&nbsp;: cycle et rythme de projet et repérage des moments clés.</strong></li>
</ul>



<p><strong>Conception, financement et gestion de projet.</strong></p>



<ul class="wp-block-list">
<li><strong>La résilience urbaine et enjeux de la prévention des risques majeurs.</strong></li>
</ul>



<p>Articulation des visions holistiques autour des dynamiques durables, climatiques, sociales, économiques, urbanistiques et de gouvernance</p>



<p>Évaluation et prévention contre les risques climatiques, sécuritaires, économiques et sociétaux.</p>



<ul class="wp-block-list">
<li><strong>Préservation des ressources naturelles&nbsp;: approches et outils d’aides numériques (évaluation, suivi, et lutte).</strong> </li>
</ul>



<p><strong>3. Objectif du laboratoire et ses ambitions</strong></p>



<p>L’ambition du laboratoire (LREAU) de devenir plus ouvert sur le monde de la recherche scientifique à grande échelle, nous a conduit à procéder à des modifications des programmes de formation en master d’aménagement et d’urbanisme à partir de 2010, pour l&#8217;adapter au nouveau contexte d&#8217;un changement par objectifs.</p>



<p>Un débat de presque continu nous permet d’établir des assises plus solides d’une formation doctorale, garante d’une bonne relation formation/emploi, dont les principaux attendues consistent à :</p>



<p>Renforcer le lien du LREAU avec la formation universitaire afin de préparer l’émergence de nouvelles générations compétentes en mesure de prendre en charge des projets de recherche scientifique et de développement socio-économique.</p>



<p>Poursuivre l’implication des doctorants dans des projets relevant des programmes nationaux de recherche (PNR) et élaborer des dispositifs de connaissances permettant de parvenir à la maîtrise d’un savoir et un savoir-faire.</p>



<p>Le laboratoire développe des objectifs ambitieux en relation avec son évolution et le caractère de la pluralité des profils de ses chercheurs et la variété des thématiques qui constituent une richesse spécifique au domaine de l’aménagement, de l’urbanisme et de la climatologie et des risques en milieux urbains associant les outils de l’intelligence numérique territoriale.</p>



<p>Faire évoluer le domaine de l’aménagement et de l’urbanisme par la production et la diffusion des connaissances scientifiques.</p>



<p>Mettre le LREAU en relation avec les secteurs socio-économiques dans une optique de prendre en charge des études d&#8217;aide à la décision plus particulièrement en termes de missions d’assistance technique et d&#8217;expertise.</p>



<p>Le laboratoire est impliqué à travers ses équipes dans la formation par la recherche, leur positionnement revendiqué entre une recherche fondamentale, qu’appellent la compréhension du phénomène urbain et la prospective des villes, et une recherche appliquée, qu’implique l’urbanisme au quotidien, donnant lieu à un dialogue fructueux entre chercheurs, professionnels et décideurs.</p>



<p>Le laboratoire a toujours affiché son objectif de rayonnement national et international dans le champ de l’aménagement urbain et de l’urbanisme e rayonnement et l’attractivité académiques du laboratoire actuel dont rendent compte l’insertion dans des réseaux de recherche nationaux et internationaux.</p>



<p>4. <strong>Historique du laboratoire</strong></p>



<p>Le 1er noyau de chercheurs en aménagement urbain, a été créé en 1995, sous forme d’une équipe de chercheurs universitaires composée de 4 enseignants chercheurs et 5 étudiants en première année de magister.</p>



<p>Cette équipe a été rattachée au laboratoire de géographie et aménagement du territoire crée en 2000, dirigé par Ali HADJIEDJ du 1<sup>er</sup>janvier 2000 au 31 décembre 2010. En égard au domaine de leurs intérêts, les éléments de l’équipe ont évolué vers un nouveau laboratoire de recherche en aménagement et urbanisme (LREAU).</p>



<p>Quatre équipes ont pris la forme juridique du LREAU agréé en janvier 2013. Ce dernier compte aujourd’hui un effectif global de 54 chercheurs dont 17 enseignants-chercheurs de rang magistral, 9 docteurs et le reste enseignants-chercheurs en formation doctorale (maîtres assistants) et 33 étudiants en doctorat.</p>



<p>Le contenu de son programme de recherche a été conçu par rapport à une stratégie contextuelle qui nous a permis de s&#8217;orienter vers une recherche innovante et une formation doctorale maîtrisant à la fois le savoir et le savoir-faire, renforcée par des relations avec le monde de la recherche et d’entreprises, selon le mode de partenariat.</p>

<p>L’aménagement et l’urbanisme, deux domaines d’action voués à l’organisation des villes et des territoires, ils constituent aussi des champs de recherche qui abordent en tout ou partie cette action en interrogeant les acteurs, les origines, les motivations, les modalités, les <span class="readmore"><a href="https://lreau.usthb.dz/index.php/presentation-du-laboratoire/">Continue Reading</a></span></p>
