{"id":117,"date":"2023-06-07T15:50:55","date_gmt":"2023-06-07T15:50:55","guid":{"rendered":"http:\/\/193.194.89.193\/wp_lreau\/?page_id=117"},"modified":"2024-05-08T11:14:57","modified_gmt":"2024-05-08T11:14:57","slug":"projet-de-recherche","status":"publish","type":"page","link":"https:\/\/lreau.usthb.dz\/index.php\/projet-de-recherche\/","title":{"rendered":"Projets de recherche"},"content":{"rendered":"\n<figure class=\"wp-block-table\"><table><tbody><tr><td colspan=\"3\"><strong>Projets de recherche&nbsp;: CNEPRU, PRFU, PNR&nbsp;<\/strong><\/td><\/tr><tr><td><strong>Th\u00e8me<\/strong><\/td><td><strong>Ann\u00e9e<\/strong><\/td><td><strong>Organisme<\/strong><\/td><\/tr><tr><td>Foncier urbain et enjeux d\u2019am\u00e9nagement et d\u2019urbanisation en Alg\u00e9rie\u00a0: \u00e9tude de cas.<\/td><td>G00220140160 (2014-2018)<\/td><td><strong>UST<\/strong>H<strong>B\/ MERS<\/strong><\/td><\/tr><tr><td>La ville face au risque\u00a0: quelle politique quelle r\u00e9silience, cas de la ville d\u2019Alger<\/td><td>2-PRFU-E03L01UN160420190001, 2019-2022.<\/td><td>USTHB\/ MERS<\/td><\/tr><tr><td>Qualit\u00e9 de vie, qualit\u00e9 de l\u2019espace public de voisinage<\/td><td>PNR 33<\/td><td>USTHB\/ MERS<\/td><\/tr><tr><td>Construire une vision strat\u00e9gique de transition \u00e9nerg\u00e9tique locale: outils et actions de conception et de mise en \u0153uvre \u00e0 l\u2019\u00e9chelle de la ville.<\/td><td>2-PRFU- 2023-E03L01UN160420230001<\/td><td>USTHB\/ MERS<\/td><\/tr><tr><td>La rationalisation de l\u2019utilisation de l\u2019\u00e9nergie dans le recyclage et l\u2019am\u00e9lioration de mat\u00e9riaux naturels destin\u00e9s au secteur du b\u00e2timent<\/td><td>PNR 2023<\/td><td>USTHB\/ MERS<\/td><\/tr><\/tbody><\/table><\/figure>\n","protected":false},"excerpt":{"rendered":"<p>Projets de recherche&nbsp;: CNEPRU, PRFU, PNR&nbsp; Th\u00e8me Ann\u00e9e Organisme Foncier urbain et enjeux d\u2019am\u00e9nagement et d\u2019urbanisation en Alg\u00e9rie\u00a0: \u00e9tude de cas. G00220140160 (2014-2018) USTHB\/ MERS La ville face au risque\u00a0: quelle politique quelle r\u00e9silience, cas de la ville d\u2019Alger 2-PRFU-E03L01UN160420190001, <span class=\"readmore\"><a href=\"https:\/\/lreau.usthb.dz\/index.php\/projet-de-recherche\/\">Continue Reading<\/a><\/span><\/p>\n","protected":false},"author":1,"featured_media":0,"parent":0,"menu_order":0,"comment_status":"closed","ping_status":"closed","template":"","meta":{"two_page_speed":[],"footnotes":""},"class_list":["post-117","page","type-page","status-publish","hentry"],"_links":{"self":[{"href":"https:\/\/lreau.usthb.dz\/index.php\/wp-json\/wp\/v2\/pages\/117","targetHints":{"allow":["GET"]}}],"collection":[{"href":"https:\/\/lreau.usthb.dz\/index.php\/wp-json\/wp\/v2\/pages"}],"about":[{"href":"https:\/\/lreau.usthb.dz\/index.php\/wp-json\/wp\/v2\/types\/page"}],"author":[{"embeddable":true,"href":"https:\/\/lreau.usthb.dz\/index.php\/wp-json\/wp\/v2\/users\/1"}],"replies":[{"embeddable":true,"href":"https:\/\/lreau.usthb.dz\/index.php\/wp-json\/wp\/v2\/comments?post=117"}],"version-history":[{"count":6,"href":"https:\/\/lreau.usthb.dz\/index.php\/wp-json\/wp\/v2\/pages\/117\/revisions"}],"predecessor-version":[{"id":523,"href":"https:\/\/lreau.usthb.dz\/index.php\/wp-json\/wp\/v2\/pages\/117\/revisions\/523"}],"wp:attachment":[{"href":"https:\/\/lreau.usthb.dz\/index.php\/wp-json\/wp\/v2\/media?parent=117"}],"curies":[{"name":"wp","href":"https:\/\/api.w.org\/{rel}","templated":true}]}}