{"id":130,"date":"2023-06-07T21:23:17","date_gmt":"2023-06-07T21:23:17","guid":{"rendered":"http:\/\/193.194.89.193\/wp_lreau\/?page_id=130"},"modified":"2024-05-08T10:57:49","modified_gmt":"2024-05-08T10:57:49","slug":"equipe-1","status":"publish","type":"page","link":"https:\/\/lreau.usthb.dz\/index.php\/equipe-de-recherche\/equipe-1\/","title":{"rendered":"\u00c9quipe 1"},"content":{"rendered":"\n<p>Vi<strong>lle de Projets et de D\u00e9veloppement Durable (VPDD)<\/strong><\/p>\n\n\n\n<h3 class=\"wp-block-heading\">MEMBRES<\/h3>\n\n\n\n<p><strong>Chef d\u2019\u00e9quipe&nbsp;:<\/strong>&nbsp;Docteur Ratiba BAOUALI<\/p>\n\n\n\n<figure class=\"wp-block-table has-small-font-size\"><table><thead><tr><th><strong>Nom<\/strong><\/th><th><strong>Pr\u00e9nom<\/strong><\/th><th><strong>Dipl\u00f4me<\/strong><\/th><th><strong>Grade<\/strong><\/th><th><br>Sp<strong>\u00e9cialit\u00e9<\/strong><\/th><\/tr><\/thead><tbody><tr><td>BAOUALI<\/td><td>Ratiba<\/td><td><\/td><td><\/td><td><\/td><\/tr><tr><td><\/td><td><\/td><td><\/td><td><\/td><td><\/td><\/tr><tr><td><\/td><td><\/td><td><\/td><td><\/td><td><\/td><\/tr><tr><td><\/td><td><\/td><td><\/td><td><\/td><td><\/td><\/tr><\/tbody><\/table><\/figure>\n","protected":false},"excerpt":{"rendered":"<p>Ville de Projets et de D\u00e9veloppement Durable (VPDD) MEMBRES Chef d\u2019\u00e9quipe&nbsp;:&nbsp;Docteur Ratiba BAOUALI Nom Pr\u00e9nom Dipl\u00f4me Grade Sp\u00e9cialit\u00e9 BAOUALI Ratiba<\/p>\n","protected":false},"author":1,"featured_media":0,"parent":128,"menu_order":0,"comment_status":"closed","ping_status":"closed","template":"","meta":{"two_page_speed":[],"footnotes":""},"class_list":["post-130","page","type-page","status-publish","hentry"],"_links":{"self":[{"href":"https:\/\/lreau.usthb.dz\/index.php\/wp-json\/wp\/v2\/pages\/130","targetHints":{"allow":["GET"]}}],"collection":[{"href":"https:\/\/lreau.usthb.dz\/index.php\/wp-json\/wp\/v2\/pages"}],"about":[{"href":"https:\/\/lreau.usthb.dz\/index.php\/wp-json\/wp\/v2\/types\/page"}],"author":[{"embeddable":true,"href":"https:\/\/lreau.usthb.dz\/index.php\/wp-json\/wp\/v2\/users\/1"}],"replies":[{"embeddable":true,"href":"https:\/\/lreau.usthb.dz\/index.php\/wp-json\/wp\/v2\/comments?post=130"}],"version-history":[{"count":14,"href":"https:\/\/lreau.usthb.dz\/index.php\/wp-json\/wp\/v2\/pages\/130\/revisions"}],"predecessor-version":[{"id":517,"href":"https:\/\/lreau.usthb.dz\/index.php\/wp-json\/wp\/v2\/pages\/130\/revisions\/517"}],"up":[{"embeddable":true,"href":"https:\/\/lreau.usthb.dz\/index.php\/wp-json\/wp\/v2\/pages\/128"}],"wp:attachment":[{"href":"https:\/\/lreau.usthb.dz\/index.php\/wp-json\/wp\/v2\/media?parent=130"}],"curies":[{"name":"wp","href":"https:\/\/api.w.org\/{rel}","templated":true}]}}